{"id":255,"date":"2024-11-18T15:46:46","date_gmt":"2024-11-18T15:46:46","guid":{"rendered":"https:\/\/www.bo.cnr.it\/wp_artico\/?page_id=255"},"modified":"2025-02-13T08:38:33","modified_gmt":"2025-02-13T08:38:33","slug":"landing-page","status":"publish","type":"page","link":"https:\/\/www.bo.cnr.it\/wp_artico\/","title":{"rendered":"XI EDIZIONE DELLA MOSTRA"},"content":{"rendered":"<table>\n<tbody>\n<tr>\n<td>\n<h4><strong> 16 gennaio &#8211; 2 marzo 2025 a BOLOGNA<br \/>presso Museo Civico Archeologico, via dell&#8217;Archiginnasio 2<\/strong><\/h4>\n<\/td>\n<td>\n<p align=\"justify\">I locali del Museo e la Mostra sono accessibili a tutti\/tutte e non ci sono barriere architettoniche.<br \/><strong>Per informazioni: <a href=\"mailto:segreteria-artico@area.bo.cnr.it\"><em>segreteria-artico@area.bo.cnr.it<\/em><\/a><\/strong><\/p>\n<\/td>\n<\/tr>\n<tr>\n<td>\n<p style=\"background-color: yellow; font-size: 16px;\" align=\"justify\"><strong>29 gennaio 2025:<\/strong> le visite guidate nei giorni feriali sono <strong>SOLD OUT<\/strong>. Vi preghiamo di scrivere una mail a <a href=\"mailto:segreteria-artico@area.bo.cnr.it\">segreteria-artico@area.bo.cnr.it<\/a> e faremo il possibile per accontentarVi. La Mostra \u00e8 comunque sempre aperta per entrate senza visita guidata. <strong>Sono invece ancora prenotabili alcuni orari per i LABORATORI DIDATTICI.<\/strong><\/p>\n<hr \/>\n<p><strong>Per le Scuole e i gruppi &#8211; E\u2019 possibile prenotarsi on-line:<\/strong><\/p>\n<h5 align=\"center\"><a href=\"https:\/\/www.bo.cnr.it\/wp_artico\/index.php\/modulo-unico-visite-e-laboratori-draft\/\" target=\"_blank\" rel=\"noopener\">PRENOTAZIONE VISITE GUIDATE E LABORATORI DIDATTICI<\/a><\/h5>\n<p align=\"justify\"><strong>Gli orari di apertura per le scuole e i gruppi sono: luned\u00ec\/mercoled\u00ec\/gioved\u00ec\/venerd\u00ec dalle ore 9.00 alle 14.00 (IL MARTEDI&#8217; IL MUSEO E&#8217; CHIUSO). In questi giorni e orari la mostra \u00e8 aperta anche al pubblico non prenotato, con precedenza alle scuole e ai gruppi prenotati.<br \/><\/strong><\/p>\n<p align=\"justify\">All&#8217;interno dei locali del Museo Civico non \u00e8 permesso consumare cibi, quindi gli studenti non potranno fare merenda. E&#8217; permesso consumare bevande. In loco ci sono servizi igienici per i visitatori.<\/p>\n<p align=\"justify\">La visita guidata alla mostra \u00e8 gratuita e dura circa un&#8217;ora e mezza.<br \/>Alla visita pu\u00f2 essere abbinato un laboratorio didattico interattivo, della durata di circa un&#8217;ora,\u00a0 che arricchisce la visita guidata e rende l\u2019esperienza artica completa ed integrata.<\/p>\n<p align=\"justify\"><strong><a href=\"https:\/\/www.leoscienza.it\/documenti\/LABORATORIO_ARTICO_informazioni_e_modalita_di_pagamento.pdf\" target=\"_blank\" rel=\"noopener\">Laboratorio Didattico \u201cL\u2019ARTICO: UN MONDO DA SCOPRIRE E DA SALVARE\u201d<\/a><\/strong> a cura di Leo Scienza, a pagamento su richiesta<img loading=\"lazy\" decoding=\"async\" class=\"alignnone size-full wp-image-225\" src=\"https:\/\/www.bo.cnr.it\/wp_artico\/wp-content\/uploads\/2024\/10\/target_blank.gif\" alt=\"\" width=\"8\" height=\"8\" \/><\/p>\n<p>Target: scuola primaria, scuola secondaria di I\u00b0 grado<\/p>\n<p align=\"justify\">Ad integrazione della visita guidata della mostra Leo Scienza propone un laboratorio che risponde a piccole curiosit\u00e0 e grandi questioni. Il mondo artico, come tutti i territori a lungo inesplorati e dalle condizioni estreme e cos\u00ec particolari, suscita nei bambini interesse e fascinazione. Le domande alle quali rispondere sono tante:<br \/><em>&#8220;Perch\u00e9 un iceberg non affonda (e perch\u00e9 la maggior parte \u00e8 sommersa)?&#8221;<\/em> &#8220;<em>E\u2019 vero che le bussole impazziscono vicino al Polo Nord?&#8221;<\/em> &#8220;<em>Orsi, foche e volpi: quali adattamenti hanno sviluppato gli animali polari, cosa ci raccontano dei meccanismi dell\u2019evoluzione?&#8221;<\/em> <em>&#8220;Come si costruisce un igloo e come \u00e8 possibile viverci?&#8221;<\/em> <em>&#8220;Cosa non pu\u00f2 mancare nell\u2019equipaggiamento di una missione polare?&#8221;<\/em> <em>&#8220;Quali nostri comportamenti quotidiani contribuiscono allo scioglimento dei ghiacci?&#8221;<\/em><br \/>Esperimenti scientifici sorprendenti, contenuti didattici espressi in maniera rigorosa e adeguata all\u2019et\u00e0, dimensione teatrale e comicit\u00e0, interazione attraverso quiz e giochi dinamici: il laboratorio Leo Scienza crea una dimensione che affascina, sensibilizza, educa.<br \/>Il laboratorio didattico si conclude con un\u2019ultima attivit\u00e0 di sperimentazione pratica nella quale tutti i bambini realizzano, seduti a tavolini predisposti e lavorando a coppie, un esperimento scientifico a tema. A seconda dell\u2019et\u00e0 dei partecipanti sar\u00e0 realizzata<\/p>\n<p>&#8211; una <em>\u201ccollana di ghiaccio\u201d<\/em> (in un procedimento che permette di sperimentare il punto di congelamento dell\u2019acqua e l\u2019effetto del sale)<\/p>\n<p>&#8211; un <em>\u201cprototipo di bussola\u201d<\/em> con materiali di uso quotidiano<\/p>\n<p>&#8211; una suggestiva rappresentazione <em>\u201cdell\u2019aurora boreale\u201d<\/em> con semplici reazioni chimiche.<\/p>\n<hr \/>\n<h4 style=\"text-align: center;\"><a href=\"https:\/\/www.bo.cnr.it\/wp_artico\/wp-content\/uploads\/2025\/02\/programma_Bologna_pagine_singole_12feb.pdf\" target=\"_blank\" rel=\"noopener\">PROGRAMMA EVENTI COLLATERALI ALLA MOSTRA<img loading=\"lazy\" decoding=\"async\" class=\" wp-image-394 aligncenter\" src=\"https:\/\/www.bo.cnr.it\/wp_artico\/wp-content\/uploads\/2024\/12\/programma_eventi_Bologna_A5_Stampa_Pagina_1-211x300.png\" alt=\"\" width=\"191\" height=\"272\" srcset=\"https:\/\/www.bo.cnr.it\/wp_artico\/wp-content\/uploads\/2024\/12\/programma_eventi_Bologna_A5_Stampa_Pagina_1-211x300.png 211w, https:\/\/www.bo.cnr.it\/wp_artico\/wp-content\/uploads\/2024\/12\/programma_eventi_Bologna_A5_Stampa_Pagina_1-722x1024.png 722w, https:\/\/www.bo.cnr.it\/wp_artico\/wp-content\/uploads\/2024\/12\/programma_eventi_Bologna_A5_Stampa_Pagina_1-768x1090.png 768w, https:\/\/www.bo.cnr.it\/wp_artico\/wp-content\/uploads\/2024\/12\/programma_eventi_Bologna_A5_Stampa_Pagina_1-1083x1536.png 1083w, https:\/\/www.bo.cnr.it\/wp_artico\/wp-content\/uploads\/2024\/12\/programma_eventi_Bologna_A5_Stampa_Pagina_1-1443x2048.png 1443w, https:\/\/www.bo.cnr.it\/wp_artico\/wp-content\/uploads\/2024\/12\/programma_eventi_Bologna_A5_Stampa_Pagina_1.png 1743w\" sizes=\"auto, (max-width: 191px) 100vw, 191px\" \/><\/a><\/h4>\n<p style=\"font-size: 12px; font-weight: bold; background-color: yellow;\" align=\"center\">Se vi siete persi un seminario o volete rivederlo, recuperate <a href=\"https:\/\/m.youtube.com\/@OsservatorioArtico\/streams\" target=\"_blank\" rel=\"noopener\">QUI le registrazioni<\/a><\/p>\n<\/td>\n<td>\n<h4>Per la Cittadinanza<\/h4>\n<p align=\"justify\">Gli orari di apertura per la cittadinanza, oltre ai feriali indicati sopra (nei quali comunque, ripetiamo, hanno la precedenza gruppi prenotati e scuole) sono: <strong>SABATO, DOMENICA e FESTIVI dalle ore 10.30 alle ore 18.30<\/strong><br \/>La visita guidata alla mostra \u00e8 sempre gratuita, anche nei giorni festivi per la cittadinanza, con i seguenti orari:<br \/><strong>10.30 \u2013 12.00 \u2013 14.00 \u2013 15.30 \u2013 17.00 (ultima visita)<\/strong><br \/>I posti disponibili per ogni visita guidata sono limitati, \u00e8 consigliata (anche se non obbligatoria) la prenotazione; per chi non fosse riuscito a prenotare, per esaurimento dei posti alle visite guidate e\/o decisione all&#8217;ultimo minuto sar\u00e0 comunque possibile accedere e visitare la Mostra in autonomia, presentandosi direttamente presso l&#8217;ingresso del Museo. Nel caso si liberassero all&#8217;ultimo momento degli accessi per le visite guidate, sar\u00e0 possibile assegnarli a chi si presenter\u00e0 direttamente in Mostra.<\/p>\n<p><strong>E\u2019 possibile prenotarsi on-line:<\/strong><\/p>\n<h5 align=\"center\"><a href=\"https:\/\/www.bo.cnr.it\/wp_artico\/index.php\/prenotazioni-per-il-pubblico\">PRENOTAZIONE VISITE GUIDATE PER LA CITTADINANZA<\/a><\/h5>\n<p><strong>Per informazioni: <a href=\"mailto:segreteria-artico@area.bo.cnr.it\"><em>segreteria-artico@area.bo.cnr.it<\/em><\/a><br \/><\/strong><\/p>\n<hr \/>\n<h4 style=\"text-align: center;\">&#8220;Destinazione POLO NORD&#8221;<br \/>Animazione a cura di Leo Scienza<\/h4>\n<h5 style=\"text-align: center;\"><a href=\"https:\/\/www.unijunior.it\/prodotti\/eventi-leoscienza\" target=\"_blank\" rel=\"noopener\">19 gennaio, 2, 9, 16, 22, 23 febbraio, 2 marzo<br \/>(a grande richiesta: aggiunte repliche 22 febbraio !!)<\/a><\/h5>\n<p align=\"justify\">Sorprendenti e colorati esperimenti scientifici per ricreare tempeste di neve in bottiglia e aurore boreali tascabili, affascinanti scene teatrali con protagonisti grandi esploratori (e animali da salvare!), giochi dinamici e quiz \u201call\u2019ultimo respiro\u201d alla scoperta delle curiosit\u00e0 degli ambienti pi\u00f9 freddi del pianeta: Destinazione Polo Nord \u00e8 l\u2019animazione di Leo Scienza dedicata all&#8217;Artico, super coinvolgente e ad alto tasso di divertimento.<br \/>Un&#8217;ora di intrattenimento e divulgazione per tutte le et\u00e0, con le chimico-comiche e i &#8220;fisici bestiali&#8221; di Leo Scienza nel ruolo di guide artiche, tra dirigibili e slitte, bussole impazzite e igl\u00f9 da costruire. Pronte e pronti a venire travolti da didattica da brivido e una valanga di risate?<br \/><a href=\"https:\/\/www.unijunior.it\/prodotti\/eventi-leoscienza\"><strong>Prenota a questo link l&#8217;animazione &#8220;Destinazione Polo Nord&#8221; a cura di Leo Scienza<\/strong><\/a><\/p>\n<hr \/>\n<h4 style=\"text-align: center;\">Spettacoli al Planetario<br \/>&#8220;Sorvegliati Spaziali &#8211; Luci dell\u2019Artico\u201d<\/h4>\n<p align=\"justify\">Un viaggio immersivo nella cupola del planetario in cui esploreremo le meraviglie del cielo artico, le aurore boreali e i miti e le leggende che questi fenomeni hanno ispirato nei popoli nordici, per poi volgere lo sguardo verso mondi ancora pi\u00f9 lontani. Un viaggio unico tra scienza e mito, alla scoperta della bellezza e dei segreti del cielo polare.<\/p>\n<p>In collaborazione con <strong>INAF<\/strong> e <strong>ilplanetario.it<\/strong><\/p>\n<h5 style=\"text-align: center;\">SABATO 8 febbraio, 10:00-18:00<br \/>Evento gratuito. Prenotazione obbligatoria.<br \/>Et\u00e0: 10+<br \/>Ogni spettacolo dura 45 minuti, con i seguenti orari di inizio: 10, 11, 12, 14:30, 15:30, 16:30<br \/><em>E&#8217; necessario presentarsi 15 minuti prima dell\u2019inizio dello spettacolo per accedere alla cupola<\/em><\/h5>\n<h5 style=\"text-align: center;\">PER PRENOTARE<br \/><a href=\"https:\/\/sorvegliatispaziali_artico.eventbrite.it\/\"><img loading=\"lazy\" decoding=\"async\" class=\"wp-image-472 size-medium aligncenter\" src=\"https:\/\/www.bo.cnr.it\/wp_artico\/wp-content\/uploads\/2025\/01\/https___cdn.evbuc_.com_images_931447543_308607213860_1_original-300x150.jpg\" alt=\"\" width=\"300\" height=\"150\" srcset=\"https:\/\/www.bo.cnr.it\/wp_artico\/wp-content\/uploads\/2025\/01\/https___cdn.evbuc_.com_images_931447543_308607213860_1_original-300x150.jpg 300w, https:\/\/www.bo.cnr.it\/wp_artico\/wp-content\/uploads\/2025\/01\/https___cdn.evbuc_.com_images_931447543_308607213860_1_original-768x384.jpg 768w, https:\/\/www.bo.cnr.it\/wp_artico\/wp-content\/uploads\/2025\/01\/https___cdn.evbuc_.com_images_931447543_308607213860_1_original.jpg 940w\" sizes=\"auto, (max-width: 300px) 100vw, 300px\" \/><\/a><em><span style=\"background-color: #ffff00; font-size: 14px; font-weight: bold;\"><br \/><\/span><\/em><\/h5>\n<\/td>\n<\/tr>\n<tr>\n<td style=\"text-align: center;\"><a href=\"https:\/\/articomostra.cnr.it\"><img loading=\"lazy\" decoding=\"async\" class=\"wp-image-159 aligncenter\" src=\"https:\/\/www.bo.cnr.it\/wp_artico\/wp-content\/uploads\/2024\/09\/header-300x136.jpg\" alt=\"\" width=\"453\" height=\"206\" srcset=\"https:\/\/www.bo.cnr.it\/wp_artico\/wp-content\/uploads\/2024\/09\/header-300x136.jpg 300w, https:\/\/www.bo.cnr.it\/wp_artico\/wp-content\/uploads\/2024\/09\/header.jpg 507w\" sizes=\"auto, (max-width: 453px) 100vw, 453px\" \/>articomostra.cnr.it: il sito web della Mostra<\/a><\/td>\n<td><a href=\"https:\/\/www.bo.cnr.it\/wp_artico\/wp-content\/uploads\/2025\/01\/locandinaArtico_Bologna_con_LogoMarconi.png\"><img loading=\"lazy\" decoding=\"async\" class=\"alignnone wp-image-478 size-large\" src=\"https:\/\/www.bo.cnr.it\/wp_artico\/wp-content\/uploads\/2025\/01\/locandinaArtico_Bologna_con_LogoMarconi-1024x633.png\" alt=\"\" width=\"800\" height=\"495\" srcset=\"https:\/\/www.bo.cnr.it\/wp_artico\/wp-content\/uploads\/2025\/01\/locandinaArtico_Bologna_con_LogoMarconi-1024x633.png 1024w, https:\/\/www.bo.cnr.it\/wp_artico\/wp-content\/uploads\/2025\/01\/locandinaArtico_Bologna_con_LogoMarconi-300x185.png 300w, https:\/\/www.bo.cnr.it\/wp_artico\/wp-content\/uploads\/2025\/01\/locandinaArtico_Bologna_con_LogoMarconi-768x474.png 768w, https:\/\/www.bo.cnr.it\/wp_artico\/wp-content\/uploads\/2025\/01\/locandinaArtico_Bologna_con_LogoMarconi-1536x949.png 1536w, https:\/\/www.bo.cnr.it\/wp_artico\/wp-content\/uploads\/2025\/01\/locandinaArtico_Bologna_con_LogoMarconi-2048x1265.png 2048w\" sizes=\"auto, (max-width: 800px) 100vw, 800px\" \/><\/a><\/td>\n<\/tr>\n<\/tbody>\n<\/table>\n\n\n<p><\/p>\n","protected":false},"excerpt":{"rendered":"<p>16 gennaio &#8211; 2 marzo 2025 a BOLOGNApresso Museo Civico Archeologico, via dell&#8217;Archiginnasio 2 I locali del Museo e la Mostra sono accessibili a tutti\/tutte e non ci sono barriere architettoniche.Per informazioni: segreteria-artico@area.bo.cnr.it 29 gennaio 2025: le visite guidate nei giorni feriali sono SOLD OUT. Vi preghiamo di scrivere una mail a segreteria-artico@area.bo.cnr.it e faremo [&hellip;]<\/p>\n","protected":false},"author":1,"featured_media":0,"parent":0,"menu_order":0,"comment_status":"closed","ping_status":"closed","template":"","meta":{"footnotes":""},"class_list":["post-255","page","type-page","status-publish","hentry"],"_links":{"self":[{"href":"https:\/\/www.bo.cnr.it\/wp_artico\/index.php\/wp-json\/wp\/v2\/pages\/255","targetHints":{"allow":["GET"]}}],"collection":[{"href":"https:\/\/www.bo.cnr.it\/wp_artico\/index.php\/wp-json\/wp\/v2\/pages"}],"about":[{"href":"https:\/\/www.bo.cnr.it\/wp_artico\/index.php\/wp-json\/wp\/v2\/types\/page"}],"author":[{"embeddable":true,"href":"https:\/\/www.bo.cnr.it\/wp_artico\/index.php\/wp-json\/wp\/v2\/users\/1"}],"replies":[{"embeddable":true,"href":"https:\/\/www.bo.cnr.it\/wp_artico\/index.php\/wp-json\/wp\/v2\/comments?post=255"}],"version-history":[{"count":110,"href":"https:\/\/www.bo.cnr.it\/wp_artico\/index.php\/wp-json\/wp\/v2\/pages\/255\/revisions"}],"predecessor-version":[{"id":512,"href":"https:\/\/www.bo.cnr.it\/wp_artico\/index.php\/wp-json\/wp\/v2\/pages\/255\/revisions\/512"}],"wp:attachment":[{"href":"https:\/\/www.bo.cnr.it\/wp_artico\/index.php\/wp-json\/wp\/v2\/media?parent=255"}],"curies":[{"name":"wp","href":"https:\/\/api.w.org\/{rel}","templated":true}]}}